(i) = i**2 - 7*i + 5. Determine x(t).
-7
Let v(o) = 13*o**3 + 30*o**2 + 19*o + 47. Let a(s) = -6*s**3 - 15*s**2 - 9*s - 23. Let x(c) = 11*a(c) + 5*v(c). Give x(-15).
42
Let c(z) = z**2 - 99*z + 974. Let i be c(11). Let f(j) = 2*j**2 - 9*j + 27. What is f(i)?
45
Let k(i) = 3*i + 7. Let t be k(-5). Let n(a) be the second derivative of a**4/12 + 3*a**3/2 + 5*a**2/2 - 23*a + 16. Calculate n(t).
-3
Let y(u) = 188*u**2 + 1126*u - 8. Let m be y(-6). Let a(r) = -78*r + 314. What is a(m)?
2
Suppose 13*p = -8*p - 105. Suppose 4*f = w + 1, 5*f + 20 = -6*w + 3*w. Let r be f + (-1)/(p/30). Let b(g) = g**2 - 2*g - 3. Determine b(r).
12
Suppose -309*g + 632*g = 378*g + 1265. Let j(l) = l**2 + 20*l - 39. What is j(g)?
30
Suppose 15 = -14*r + 19*r. Let w(d) = -25*d + 9*d - 3 + 4 + 17*d. Determine w(r).
4
Let r(s) = -46*s + 283. Suppose x + t = 6, -47*x + 46*x + 6 = -t. What is r(x)?
7
Let b(f) = -2*f**2 - 20*f - 4. Suppose 11 - 5 = -6*h. Let x be (-158)/18 + h + (-358)/1611. Determine b(x).
-4
Let a(g) = 2*g**2 - 13. Let u be a(-2). Let w(d) = -13*d + 17. Give w(u).
82
Let z(o) = -9 + 6 + 4 + o. Let q = 176 - 180. Calculate z(q).
-3
Let o(g) = -g**2 + 1. Suppose -1 = 3*x + 14. Let j be (-8)/12*(-1 + x). Suppose -j*y = -4*m - 32, 0 = m + 3*m + 3*y - 3. Determine o(m).
-8
Let d be -3*1 - (-126)/18. Suppose -3*q - 2*q = -20, -21 = -j - d*q. Let u(f) = 2*f**2 - 6*f. What is u(j)?
20
Let t(i) = 49*i + 38 + 51*i + 40*i + 24*i - 133*i. Give t(-1).
7
Suppose 3*x = 2*k - 16, 4*x + 0*x = -k - 14. Let b be x + 5 + -2*(-2)/4. Let y(a) = -10 + 2*a**2 + 17 - 6 - 2*a. Give y(b).
5
Let q(i) = i**3 - 2*i**2 - 21*i - 15. Let d = 44635 + -44629. Determine q(d).
3
Suppose 121*y = 403*y + 282. Let j(m) = -m**3 + 3*m**2 + 2*m - 3. Let t be j(3). Let o(p) = -4*p**t + 3 - 2 + 3*p**3 + p + p**2. What is o(y)?
2
Let j(s) = 5*s**3 - 3*s**2 + s - 1. Let h = -1605 - -1607. Give j(h).
29
Let c(d) = 2*d - 1. Let m(z) be the second derivative of -z**3/3 + z**2/2 + 21*z. Let a(f) = 3*c(f) + 2*m(f). Give a(-7).
-15
Suppose -3*t - 6 = 0, 2*b - 10*t - 20 = -8*t. Let d(s) = s**2 - 7*s - 3. What is d(b)?
5
Suppose q + 5 = -3*h + 15, -h = -q - 10. Let r(b) = 9*b - 3. Let n be r(1). Let o(v) = -2 + 2*v + 2 + 5 - n. Give o(h).
9
Let r = -113 + 114. Let l(c) = 25*c - 32*c + 2 + r + 2. Determine l(3).
-16
Let l = -114 - -117. Let s(v) = -3 - 35*v**3 + 29*v**3 - 3*v + l*v**3 - v**2. What is s(-2)?
23
Let x be ((-24)/(-18) - -1)*1/7. Let f(r) be the third derivative of 1/8*r**4 + 0*r + x*r**3 - 7*r**2 + 0. Give f(-2).
-4
Let a(c) = c - 12. Suppose -54*n = -53*n - 134. Let m = -134 + n. Determine a(m).
-12
Let r(h) = -6*h**2 + 23*h - 26. Let j be r(1). Let y(q) be the second derivative of q**5/20 + 5*q**4/6 + 5*q**3/3 + 7*q**2/2 - 2*q. Determine y(j).
-2
Let o(h) = -h**3 - 42*h**2 - 102*h - 879. Let r be o(-40). Let p(x) be the third derivative of -x**6/24 - x**5/60 - x**4/24 + x**3/6 - 2*x**2. What is p(r)?
-6
Let y = -101 + 240. Let f(a) = 68 + 74 - y + a. What is f(5)?
8
Let u(x) = x**3 - 2*x**2 - x + 3. Let l(i) = -1. Let k(p) = -6*l(p) - u(p). Let w(n) = -3*n**2 - 1251*n + 16773. Let s be w(-430). Give k(s).
-3
Let d(t) = -5*t**2 - 4*t - 14. Let h(c) be the first derivative of -8*c**3/3 - 4*c**2 - 28*c - 1. Let m(z) = 5*d(z) - 3*h(z). What is m(6)?
2
Let f(l) be the second derivative of l**5/20 - 7*l**4/12 + 7*l**3/6 + 18*l. Let g(z) = z**2 - 22*z + 117. Let i be g(8). What is f(i)?
-15
Let a(o) = -o**2 - o - 3. Suppose 9 = -l + 4*x, 31*l = 27*l + 5*x + 19. Suppose -6*z = -l*z - 15. Calculate a(z).
-9
Let c(t) = -t**3 + 10*t**2 + 3*t - 30. Let q = 2921 - 2911. Calculate c(q).
0
Let o = 3 + -4. Let x(h) = 777*h - 776*h + 12*h**2 - 485471 + 485472 + 25*h**2. Calculate x(o).
37
Let s(b) = -b**3 - 3*b**2 - b + 2. Let l be s(-3). Let n(z) = -z - 1. Let y(r) = r + 4. Let v = 55 - 58. Let a(m) = v*n(m) - y(m). Give a(l).
9
Let w(f) be the second derivative of -f**3/2 + 8*f**2 + f + 80. Calculate w(3).
7
Let j = -48 + 48. Suppose j = 4*m + 12, 2*m = -3*y - m - 3. Let l(z) = -6 + z**2 - z**2 + 5 + z**y. Give l(2).
3
Let t = -407 + 409. Suppose -t*g - 5 - 5 = 0, 3*j + 4*g + 2 = 0. Let b(v) = 6*v - 30. Calculate b(j).
6
Let v(w) = 335*w + w**2 + w**3 - 1 + 2*w**3 - 667*w - 2*w**3 + 330*w. What is v(0)?
-1
Let a(x) = 9 + 53 - 4*x**2 - 4*x - 59. What is a(-2)?
-5
Let l = 20219 + -20215. Let u(m) be the second derivative of -2*m + 3/2*m**3 - 1/12*m**l - 2 - 5/2*m**2. Calculate u(8).
3
Let w be (6/(-18)*1)/(11/(-594)). Let x(h) = -h**3 + 17*h**2 + 17*h + 11. Calculate x(w).
-7
Let p(s) = 99 + 3*s - 57 - 42 + 20*s**2 - 2*s. Determine p(2).
82
Let u = 3845 - 3856. Let l(r) = 3*r + 17. Determine l(u).
-16
Suppose 6*m + 5 = 17. Suppose 4 = m*r, 2*u = -2*u + r + 38. Suppose 3*b - 6 = 3*d, 4*d - u = 2*d. Let a(v) = v**3 - 7*v**2 + 4. What is a(b)?
4
Let m(i) = 8*i**2 - 309*i - 122. Let t be m(39). Let r(c) = c**3 + 6*c**2 + 9*c + 9. Determine r(t).
-11
Suppose -3*h - 5*j + 80 = -3*j, -4*j - 92 = -3*h. Suppose 66 = 17*u - h*u. Let k(n) = n**2 - 3. Determine k(u).
33
Suppose 288 = 46*a - 49*a. Let d = a - -98. Let v(x) = 4*x + 3 - x**d - 2*x**2 - 3*x - 3*x. Calculate v(2).
-13
Let w be 0/(-85)*(-1)/3. Let p(i) be the second derivative of 2*i**2 - 1/6*i**3 + w - 28*i. Give p(-3).
7
Let f(x) = x**2 + 234*x + 1797. Let q be f(-8). Let r(p) = -p**3 - 11*p**2 - p - 15. Determine r(q).
-4
Let h(a) = a**3 + 2*a**2 + 11*a - 3. Let f = -17107 + 17104. Determine h(f).
-45
Let m(a) = 3*a**2 - a. Let q(b) = -b + 7. Let o be q(10). Let d(l) = -18*l**2 + 2*l - 1. Let h(u) = o*m(u) - d(u). Calculate h(-2).
35
Suppose -4940*r + 4861*r + 395 = 0. Let b(g) = -10*g + 20. What is b(r)?
-30
Suppose -4*a + 16 = -t, 132*t - 133*t - 7 = -a. Let c(j) = 3*j**3 + 12*j**2 + 7*j + 14. Calculate c(t).
-14
Let i(l) = -128*l - 6. Let s(a) = 80*a + 8. Let t(n) = 2*i(n) + 3*s(n). Determine t(2).
-20
Let y = -1095 - -1085. Let h(v) = -3*v**2 - 27*v + 6. Calculate h(y).
-24
Let t(n) be the second derivative of -9*n**5/20 - n**4/6 + 4*n**3/3 - 7*n**2 - 108*n. Let u(m) = 2*m**3 - m**2 + 1. Let g(o) = -t(o) - 5*u(o). What is g(6)?
-3
Let y be 19 + -7 - 49 - -17. Let f(o) = -o**3 - 19*o**2 + 21*o + 30. Give f(y).
10
Let z(n) = n**2 - 14*n + 20. Let c(b) = b**2 - 12*b + 18. Let f(h) = -7*c(h) + 6*z(h). Let a(y) = 2*y**2 + y + 10. Let x(i) = 3*a(i) + 5*f(i). Give x(-3).
0
Let n(f) = -f**3 + 2*f**2 + 23*f + 9. Let v be n(6). Let c(l) = -l + 3*l - v + 4*l - 2*l - l**2. Determine c(2).
1
Let n(s) = 39*s**2 - s + 45*s**2 - 3 + 43*s**2 - 130*s**2 - 20*s. Calculate n(-6).
15
Let v(b) = -4*b - 4. Suppose 8 = -3*z + 5*r - 1, 3*r - 17 = -4*z. Suppose 3*s = 2*n - n + 10, -3*n = z*s + 8. Calculate v(n).
12
Suppose -t + 2*t - 11 = 0, -6*t = 9*p - 13*p - 70. Let v(i) = 10*i - 5. Let y(o) = -2*o + 1. Let q(a) = -2*v(a) - 11*y(a). Give q(p).
-3
Let d(b) be the third derivative of -b**7/2520 - b**6/80 + 3*b**5/5 + 48*b**2. Let t(n) be the third derivative of d(n). What is t(-8)?
7
Let x = -128 + 156. Let q = 24 - x. Let b(c) = -c**2 - 3*c + 1. What is b(q)?
-3
Let s(c) be the third derivative of c**4/24 - c**3/6 - c**2. Let a(f) = f**3 + 28*f**2 - 264*f + 138. Let r be a(7). Determine s(r).
4
Let f(l) = -l**2 + 8*l + 12. Let z be (4064/24)/((-4)/12*-1). Suppose 505*d + 30 = z*d. Give f(d).
-8
Let x(g) be the first derivative of g**5/60 - g**4/12 - 2*g**3/3 + 9*g**2 - 72. Let j(o) be the second derivative of x(o). What is j(-4)?
20
Let x(w) = w**3 + 26*w**2 - 26*w + 36. Let p = -6013 + 5986. Give x(p).
9
Let p be 17/(476/(-8))*238/(-480). Let j(u) be the third derivative of -p*u**6 + 9*u**2 + 0 - 1/60*u**5 + 0*u**3 + 0*u + 1/24*u**4. Determine j(1).
-17
Let r = 23 - 21. Let s(d) = -17*d**r - 6*d**2 + 0 + 9*d**2 - 13*d**2 + 1 - 2*d. Determine s(1).
-28
Let h(l) = 10*l + 212. Let g = 4835 + -4858. Give h(g).
-18
Let j(n) = n**3 - 4*n**2 + 2*n - 2. Let z(t) = -2*t + 3. Let f be z(3). Suppose 6*i + 3*i + 81 = 0. Let v be -3 - (i/f)/(-3) - -6. What is j(v)?
6
Let g(b) = 2*b**3 + 33*b**2 + 12*b + 303. Let v(d) = d**3 + 15*d**2 + 6*d + 152. Let t(j) = -3*g(j) + 5*v(j). Calculate t(-24).
-5
Let j(l) = -34*l - 75. Let a(d) = -14*d - 35. Let r(b) = -5*a(b) + 2*j(b). Calculate r(-10).
5
Let n(i) = -5*i + 154*i**3 - 5*i**2 - 238*i**3 + 85*i**3 + 1. Suppose -3*c = 13 + 23. Let j = c - -18